e 7) to base 6
-452
-9 (base 14) to base 13
-9
Convert a (base 12) to base 10.
10
Convert 3 (base 9) to base 3.
10
Convert -7 (base 13) to base 6.
-11
273 (base 11) to base 12
22a
4 (base 15) to base 5
4
Convert 303 (base 5) to base 6.
210
-20 (base 10) to base 7
-26
c (base 14) to base 4
30
-b3 (base 14) to base 4
-2131
What is 11 (base 2) in base 10?
3
What is -200 (base 3) in base 8?
-22
Convert 52 (base 14) to base 2.
1001000
-43 (base 12) to base 14
-39
-42 (base 14) to base 4
-322
Convert 0 (base 14) to base 2.
0
-267 (base 11) to base 2
-100111011
What is -47 (base 15) in base 10?
-67
Convert -1 (base 8) to base 3.
-1
What is -8 (base 15) in base 14?
-8
1 (base 6) to base 7
1
What is -18d (base 14) in base 10?
-321
Convert 2 (base 5) to base 12.
2
11 (base 9) to base 15
a
What is 8 (base 16) in base 12?
8
Convert -3030 (base 4) to base 3.
-21120
-1 (base 2) to base 10
-1
-98 (base 10) to base 16
-62
-353 (base 6) to base 10
-141
-30 (base 5) to base 9
-16
Convert -4 (base 15) to base 7.
-4
110 (base 7) to base 6
132
Convert 7 (base 14) to base 12.
7
What is 21 (base 4) in base 9?
10
Convert 0 (base 11) to base 6.
0
Convert 1011 (base 2) to base 3.
102
What is 8 (base 14) in base 11?
8
What is 6 (base 8) in base 12?
6
What is -3 (base 6) in base 8?
-3
-33 (base 8) to base 2
-11011
What is -10000101 (base 2) in base 7?
-250
164 (base 10) to base 13
c8
What is a (base 16) in base 10?
10
12 (base 7) to base 13
9
2 (base 11) to base 14
2
What is -1110 (base 3) in base 6?
-103
Convert 10 (base 3) to base 10.
3
What is -111 (base 5) in base 11?
-29
-20 (base 7) to base 11
-13
-12 (base 6) to base 16
-8
What is 84 (base 11) in base 6?
232
What is 11 (base 4) in base 9?
5
Convert ab (base 14) to base 15.
a1
Convert 10 (base 4) to base 16.
4
What is 184 (base 10) in base 2?
10111000
2 (base 6) to base 12
2
Convert 216 (base 12) to base 11.
259
-85 (base 14) to base 12
-99
Convert 1 (base 11) to base 13.
1
1 (base 15) to base 11
1
13 (base 10) to base 2
1101
What is -8 (base 9) in base 14?
-8
Convert -2 (base 14) to base 9.
-2
Convert -4 (base 13) to base 2.
-100
What is 11211 (base 3) in base 13?
a0
What is 2 (base 10) in base 8?
2
What is 100100 (base 2) in base 9?
40
-1 (base 14) to base 2
-1
What is -1c (base 14) in base 2?
-11010
What is 22 (base 3) in base 2?
1000
What is 98 (base 14) in base 3?
11222
Convert 4 (base 15) to base 3.
11
-10 (base 2) to base 6
-2
What is 1 (base 12) in base 6?
1
Convert -91 (base 13) to base 5.
-433
Convert b (base 16) to base 6.
15
Convert 1 (base 4) to base 9.
1
11 (base 3) to base 6
4
What is 17 (base 13) in base 4?
110
-b8 (base 12) to base 9
-165
Convert 164 (base 7) to base 15.
65
What is 126 (base 8) in base 11?
79
Convert -475 (base 8) to base 13.
-1b5
Convert -2 (base 12) to base 10.
-2
25 (base 6) to base 12
15
Convert -5 (base 15) to base 4.
-11
Convert -47 (base 9) to base 12.
-37
11 (base 4) to base 15
5
Convert 141 (base 10) to base 15.
96
What is 12 (base 12) in base 5?
24
Convert -10111 (base 3) to base 7.
-163
-1323 (base 4) to base 5
-443
-10001011 (base 2) to base 13
-a9
What is 18b (base 12) in base 4?
3323
What is -6 (base 11) in base 5?
-11
-1 (base 12) to base 14
-1
Convert -25 (base 15) to base 13.
-29
-451 (base 6) to base 7
-340
3 (base 4) to base 8
3
-19 (base 10) to base 16
-13
-21 (base 6) to base 11
-12
-4 (base 7) to base 5
-4
What is -9 (base 13) in base 5?
-14
-7 (base 13) to base 15
-7
-91 (base 13) to base 16
-76
What is -5 (base 13) in base 5?
-10
What is 30 (base 14) in base 4?
222
121 (base 8) to base 15
56
Convert -1 (base 4) to base 7.
-1
Convert -10001000 (base 2) to base 3.
-12001
Convert 4 (base 8) to base 16.
4
Convert 49 (base 16) to base 6.
201
-3 (base 15) to base 13
-3
Convert 5 (base 13) to base 6.
5
What is -2b (base 16) in base 3?
-1121
134 (base 10) to base 16
86
100 (base 2) to base 14
4
What is 11011110 (base 2) in base 9?
266
-2200 (base 4) to base 3
-12221
What is 0 (base 4) in base 11?
0
What is 4 (base 15) in base 9?
4
-1231 (base 4) to base 3
-11001
Convert 2202 (base 4) to base 12.
116
3 (base 15) to base 5
3
Convert 61 (base 12) to base 6.
201
Convert -1 (base 11) to base 3.
-1
-3 (base 16) to base 10
-3
What is 3 (base 4) in base 5?
3
What is -3 (base 11) in base 13?
-3
What is 2 (base 3) in base 12?
2
What is 1 (base 7) in base 5?
1
Convert 1 (base 11) to base 9.
1
What is -135 (base 9) in base 11?
-a3
What is -1 (base 9) in base 12?
-1
What is 25 (base 14) in base 4?
201
What is -11201 (base 3) in base 9?
-151
410 (base 5) to base 6
253
0 (base 8) to base 11
0
Convert 3 (base 4) to base 12.
3
What is -10 (base 6) in base 12?
-6
What is 48 (base 10) in base 15?
33
Convert 5 (base 11) to base 14.
5
Convert -23 (base 16) to base 14.
-27
-13c (base 16) to base 11
-268
Convert -54 (base 11) to base 2.
-111011
What is -1 (base 4) in base 6?
-1
Convert -b (base 12) to base 14.
-b
Convert 2 (base 4) to base 10.
2
Convert -65 (base 7) to base 14.
-35
-26 (base 7) to base 6
-32
Convert 0 (base 5) to base 14.
0
What is -34 (base 5) in base 9?
-21
What is 3 (base 8) in base 6?
3
5 (base 7) to base 11
5
-1001 (base 4) to base 7
-122
-13 (base 9) to base 14
-c
What is -24 (base 6) in base 8?
-20
Convert 116 (base 11) to base 10.
138
What is -4 (base 6) in base 16?
-4
Convert 523 (base 6) to base 3.
21020
What is -5 (base 9) in base 10?
-5
What is -24 (base 6) in base 13?
-13
What is -35 (base 7) in base 9?
-28
What is 4 (base 11) in base 12?
4
What is 1110 (base 2) in base 3?
112
233 (base 5) to base 15
48
-11 (base 2) to base 15
-3
Convert 6 (base 10) to base 15.
6
Convert -10 (base 13) to base 16.
-d
Convert 1 (base 14) to base 7.
1
-5 (base 6) to base 3
-12
11 (base 2) to base 13
3
1a (base 16) to base 7
35
10 (base 7) to base 5
12
Convert -2c (base 13) to base 6.
-102
-243 (base 7) to base 12
-a9
What is 1000000 (base 2) in base 6?
144
What is -2 (base 15) in base 10?
-2
-1 (base 15) to base 4
-1
What is -25 (base 14) in base 16?
-21
-25 (base 16) to base 13
-2b
Convert 66 (base 9) to base 7.
114
What is -23 (base 8) in base 13?
-16
Convert -12 (base 3) to base 13.
-5
Convert 100010111 (base 2) to base 3.
101100
What is 3 (base 15) in base 6?
3
Convert 19 (base 11) to base 2.
10100
-57 (base 9) to base 8
-64
Convert 100000 (base 2) to base 12.
28
Convert -119 (base 11) to base 6.
-353
Convert -4 (base 13) to base 11.
-4
102 (base 10) to base 12
86
Convert 6 (base 12) to base 3.
20
100 (base 2) to base 14
4
What is 1f (base 16) in base 5?
111
0 (base 6) to base 12
0
What is 54 (base 14) in base 10?
74
Convert -23 (base 12) to base 2.
-11011
Convert 1110 (base 3) to base 14.
2b
What is -121 (base 9) in base 8?
-144
10210 (base 3) to base 7
204
-7 (base 16) to base 14
-7
What is -21 (base 9) in base 4?
-103
Convert 2 (base 10) to base 7.
2
Convert -2 (base 7) to base 10.
-2
Convert 7 (base 11) to base 7.
10
What is 34 (base 10) in base 8?
42
What is -1d (base 16) in base 11?
-27
11 (base 14) to base 13
12
Convert 6 (base 9) to base 12.
6
9 (base 16) to base 8
11
What is -13 (base 13) in base 14?
-12
-a0 (base 12) to base 5
-440
Convert -66 (base 15) to base 12.
-80
221 (base 3) to base 8
31
What is -15 (base 16) in base 7?
-30
-1 (base 7) to base 15
-1
Convert -3 (base 7) to base 4.
-3
Convert 12202 (base 3) to base 4.
2123
-146 (base 8) to base 5
-402
What is -3 (base 15) in base 6?
-3
132 (base 8) to base 13
6c
-3 (base 16) to base 4
-3
Convert 0 (base 13) to base 15.
0
What is -11 (base 16) in base 12?
-15
Convert -1231 (base 4) to base 7.
-214
Convert 0 (base 6) to base 16.
0
Convert 11 (base 2) to base 13.
3
Convert -72 (base 13) to base 10.
-93
What is b (base 13) in base 6?
15
What is -20 (base 15) in base 5?
-110
What is -4 (base 10) in base 3?
-11
Convert -47 (base 8) to base 16.
-27
-20 (base 7) to base 12
-12
Convert 144 (base 5) to base 9.
54
What is -36 (base 8) in base 6?
-50
Convert -5 (base 10) to base 12.
-5
Convert 223 (base 5) to base 10.
63
Convert 1205 (base 6) to base 12.
205
Convert -108 (base 11) to base 9.
-153
108 (base 13) to base 9
216
Convert -207 (base 10) to base 3.
-21200
Convert -10303 (base 4) to base 3.
-102101
Convert -21 (base 7) to base 16.
-f
1 (base 3) to base 16
1
101100 (base 2) to base 8
54
5e (base 16) to base 5
